2 = 2*p + 175. Let u(t) = -5*t - 9. Let l be u(5). Let f = l + j. List the prime factors of f.
19
Let n(t) = -t**2 - 11*t - 1. List the prime factors of n(-10).
3
Let m(q) be the third derivative of -2*q**4/3 - q**3/3 + 2*q**2. List the prime factors of m(-2).
2, 3, 5
Let h = 23 + 17. List the prime factors of h.
2, 5
Let p = 271 - 65. What are the prime factors of p?
2, 103
Let g = -33 - -21. Let v be (-94)/g - 3/(-18). Suppose -v*l = -4*l - 32. List the prime factors of l.
2
Suppose 3*i - 25 = -4*o, -2*i + 4*o - 2*o = 2. Let l(g) = 6*g + 2. List the prime factors of l(i).
2, 5
Let v be (1 + -2)*(1 - -24). Let m = -4 - -39. Let a = m + v. List the prime factors of a.
2, 5
Suppose -3*i = j + 8, -4*i + 15 = j + 4*j. List the prime factors of j.
7
List the prime factors of (4/4)/(-5) + (-481)/(-5).
2, 3
What are the prime factors of (-6)/21 - 121/(-7)?
17
Let h(i) = i**3 - 6*i**2 + 2*i - 4. Let y = 3 + 0. Suppose 14 = y*o - 4. List the prime factors of h(o).
2
Let i(j) = -j - 2. Let p be i(-5). Suppose 5 = p*t - 4. Suppose l - t = 7. What are the prime factors of l?
2, 5
What are the prime factors of (-2 - (-3 - 0 - 138))*2?
2, 139
Let o(q) = 3*q + 24. List the prime factors of o(12).
2, 3, 5
Let t be 1/((6/(-4))/(-3)). Suppose -20 = -3*v - t*v. List the prime factors of 10 + (v/2)/1.
2, 3
Let p(c) = 3*c - 3. What are the prime factors of p(6)?
3, 5
Let q(h) = -h**3 + 2*h**2 + 3*h - 1. Let v be q(3). Let i be v*(1 - 0)*-3. Suppose 2*r = i*r - 4. What are the prime factors of r?
2
Suppose 2*g + 0*g = 0. Suppose g = -2*m + 5 + 1. List the prime factors of m.
3
Let w = 7 + -6. Let v = 2 + w. Let s = v + 3. List the prime factors of s.
2, 3
Let q(y) = -y**3 - 7*y**2 - 8*y + 3. What are the prime factors of q(-6)?
3, 5
Let o = 42 - -41. List the prime factors of o.
83
Let r(p) = p + 3*p - 3*p. Let o be r(1). What are the prime factors of o/5 - 132/(-15)?
3
Let p = -56 - -131. List the prime factors of p.
3, 5
Let q(x) be the first derivative of -x**5/120 + x**4/12 - x**3/3 + 1. Let w(t) be the third derivative of q(t). List the prime factors of w(-7).
3
Suppose 3 = -3*h, 2*m + 0*h - 283 = 3*h. Suppose 6*o = 3*b + o - m, 5*b - 3*o - 212 = 0. What are the prime factors of b?
2, 5
List the prime factors of 15/3*(-204)/(-30).
2, 17
Suppose 5*t - t = 24. Suppose 2*u - 8 = t*u. Let r = u + 8. What are the prime factors of r?
2, 3
Suppose 4*u = 2*h - 124, -u = 3*h + 4*u - 175. What are the prime factors of h?
2, 3, 5
Suppose 2*j - 3 + 21 = 0. Let k = j - -19. List the prime factors of k.
2, 5
Let c = -5 - -9. Suppose 11 = -3*f - 3*l - 1, 2*l = -10. Suppose -j + f = q - 4, 3*q - c*j - 43 = 0. What are the prime factors of q?
3
Suppose 0 = -5*g - 104 - 1. Let b = 49 + g. What are the prime factors of b?
2, 7
Suppose -5*u + 8 = -7. List the prime factors of u.
3
Suppose 4*a - 30 = 46. List the prime factors of a.
19
Let u(c) = -59*c + 1. Let m be u(1). Let l = -33 - m. What are the prime factors of l?
5
Let j(b) = -b**3 + 2*b**2 - b + 5. List the prime factors of j(0).
5
What are the prime factors of (6/(-4))/((-15)/110)?
11
Let h(p) = -p**3 - 21*p**2 + 33*p + 5. What are the prime factors of h(-23)?
2, 19
What are the prime factors of -4 - (3 + -4 - 49 - 0)?
2, 23
Suppose 10 = t - 25. Suppose 0 = 4*w - 2 - 22. Suppose g - w*g + t = 0. What are the prime factors of g?
7
What are the prime factors of (-248)/(-3) + 6/18?
83
Let l(j) = 11*j - 1. Suppose -3*n + q + 3*q = 5, 2*q = -2*n + 6. What are the prime factors of l(n)?
2, 5
Suppose 0*u - 25 = -5*u. List the prime factors of (-2)/u - (-54)/10.
5
Let s = -2 + -1. Let r(g) = -4*g**3 - g**2 + 7*g - 2. Let a(v) = -7*v**3 - 2*v**2 + 13*v - 3. Let k(w) = 3*a(w) - 5*r(w). List the prime factors of k(s).
7
Let s = -5 - -13. Let d(w) = 7 - w + 11 - 8. What are the prime factors of d(s)?
2
Let q(b) = 0 + b**2 + b - 6*b + 1. Let f be q(4). What are the prime factors of (-2)/f*(-21)/(-2)?
7
Let m(j) = -1. Let b(i) = -7*i + 5. Let h(v) = -b(v) - 5*m(v). List the prime factors of h(4).
2, 7
Suppose -24*y = -25*y + 4. List the prime factors of y.
2
Let u = -79 + 154. Suppose 10*y = 5*y + u. List the prime factors of y.
3, 5
Let w(k) = 2*k**2 + 2. Let g be w(3). Suppose 2*x - 5*b = g + 30, -3*x + 75 = 5*b. What are the prime factors of x?
5
Let b(f) = -f**2 + 8*f + 5. What are the prime factors of b(6)?
17
Let n(s) = s**2 + 12*s + 16. Let t be n(-11). Suppose 0 = -b + t. List the prime factors of b.
5
Let l be 47/(-5) + (-26)/(-65). List the prime factors of 1*(-1 - l*6).
53
Let x(g) = g**2. Let q be x(2). Suppose 0 = -q*b + 69 + 27. Let h = -15 + b. What are the prime factors of h?
3
Let q(n) = 2*n - 9. Suppose 3*p = p + 24. List the prime factors of q(p).
3, 5
Suppose -57 = f - 2*f. List the prime factors of f.
3, 19
Suppose 0 = 3*t + 7 - 40. Let k = 15 - t. Suppose -5 = -4*q + k*r + 11, 3*q - 30 = -3*r. What are the prime factors of q?
7
Let a(c) = 9*c - 3. What are the prime factors of a(2)?
3, 5
Let u(x) = -x**2 + 9*x - 6. Let i be u(6). List the prime factors of i/(-42) - 158/(-14).
11
Let o be 0 + -1 - (0 - -3). Let p(v) = v**2 + 4*v + 2. Let d be p(o). List the prime factors of 15/d - 3/(-6).
2
Suppose 0 = -n + 3*x + 8, -4*x = n - 0*n - 29. List the prime factors of n.
17
Let x = 205 + -142. List the prime factors of x.
3, 7
Let u(p) = -8*p - 9. List the prime factors of u(-4).
23
Let d = -183 - -336. What are the prime factors of d?
3, 17
Suppose -2*v = i - 7*v - 18, 2*i + 5*v + 9 = 0. Suppose -5 = -g + 6. Suppose 9 = 2*j + 3*u + 2, 5*u = -i*j + g. List the prime factors of j.
2
List the prime factors of (-1610)/(-22) + (-4)/22.
73
Suppose 0*w - w = -20. Let z = w - 5. What are the prime factors of z?
3, 5
Let u(q) = -2*q**2 - 8*q + 5. Let c be u(-6). Let r = -13 - c. List the prime factors of r.
2, 3
Let q = 30 - 17. List the prime factors of 1 + (-3 + q - -3).
2, 7
Suppose 0 = -0*l + l - 10. Let h = 23 - 18. List the prime factors of l/2*h/5.
5
Let h(a) = -a**2 + 1 + 0 + 3*a + 1. Let p be h(4). What are the prime factors of (3/p)/((-18)/24)?
2
Suppose 2*d - a - 42 = -11, 4*d - 59 = -a. List the prime factors of d.
3, 5
Let g = -7 + -1. Let w = g + 5. Let b = 13 + w. What are the prime factors of b?
2, 5
Suppose -43 = -4*g + 57. Suppose h + 7 = 2*h + 3*t, 5*h + 3*t = 71. Let i = g - h. What are the prime factors of i?
3
Let x = 92 + 76. What are the prime factors of x?
2, 3, 7
Suppose -2*b = -5*b. Suppose b = -5*z + 4*z + 27. Suppose 3*p - z = -0*p. What are the prime factors of p?
3
Let o(a) = -5*a + 13. Let h(u) be the second derivative of u**3 - 6*u**2 - 3*u. Let i(j) = 4*h(j) + 5*o(j). What are the prime factors of i(9)?
2
Suppose 2 = -3*v + 11. Let l = -2 - -1. What are the prime factors of 6/(l + (v - 1))?
2, 3
Suppose 4*r = 12 + 124. Let u = r - 18. What are the prime factors of u?
2
Let j be 0 - (-2 - (-3 - -4)). Let o = 12 + j. What are the prime factors of o?
3, 5
Let b = 74 + -34. List the prime factors of b.
2, 5
List the prime factors of 3 + (-89)/3*-3.
2, 23
Let k = 2 + 29. What are the prime factors of k?
31
Let o be 398/10 - (-1)/5. Suppose -v - 3*v = -o. List the prime factors of v.
2, 5
List the prime factors of ((-7)/14)/(2/(-112)).
2, 7
Let a(s) = s**2 - s - 18. What are the prime factors of a(-13)?
2, 41
Suppose -52 = 2*s - 5*y - 182, 0 = -2*y - 4. Suppose -3*z + s = z. Suppose -4*c = -c - z. List the prime factors of c.
5
Suppose 4 = 3*f - 2*f. Suppose -f*m + 25 = m. Suppose 0 = -a - m, 2*h + 0*a = -2*a + 8. List the prime factors of h.
3
Let g = 5 + -3. Suppose -g - 2 = 4*u. List the prime factors of 40/(-12)*(-2 + u).
2, 5
Suppose -19 = -4*i + 37. List the prime factors of i.
2, 7
Suppose t - 3*t - 58 = 3*p, -5*t + 5*p - 95 = 0. Let r = t - -52. What are the prime factors of r?
29
Let o = 681 - 401. List the prime factors of o.
2, 5, 7
List the prime factors of 610/(-4)*(-4)/5.
2, 61
Suppose 508 = 4*k + 40. List the prime factors of k.
3, 13
Suppose -d = d. Suppose 2*b - 8 + d = 0. Suppose -4*t + 5*z + 12 = -0*t, 0 = z - b. List the prime factors of t.
2
Suppose -5*a = -g - 11, -8*a + 27 = -3*a + 3*g. Suppose 2*w - 2*i = a*w - 37, 2*w - 4*i = 66. List the prime factors of w.
5, 7
Let k = 37 + -12. Let u = k + 12. What are the prime factors of u?
37
Suppose 70 = -5*i + 15. Let k(g) = g**